{"id":491,"date":"2023-03-10T12:18:55","date_gmt":"2023-03-10T11:18:55","guid":{"rendered":"http:\/\/servicesports.ccqb.fr\/?page_id=491"},"modified":"2025-09-25T16:26:00","modified_gmt":"2025-09-25T14:26:00","slug":"conventions","status":"publish","type":"page","link":"https:\/\/servicesports.ccqb.fr\/index.php\/conventions\/","title":{"rendered":"Conventions"},"content":{"rendered":"\n<p class=\"has-black-color has-text-color\">Pour toute utilisation des installations sportives, vous devez t\u00e9l\u00e9charger le document, le renseigner et l&rsquo;adresser au service des sports de la Mairie pour qu&rsquo;il soit sign\u00e9 par M. le Maire ou son repr\u00e9sentant<\/p>\n\n\n\n<div class=\"wp-block-columns is-layout-flex wp-container-core-columns-is-layout-9d6595d7 wp-block-columns-is-layout-flex\">\n<div class=\"wp-block-column is-layout-flow wp-block-column-is-layout-flow\">\n<div data-wp-interactive=\"core\/file\" class=\"wp-block-file\"><object data-wp-bind--hidden=\"!state.hasPdfPreview\" hidden class=\"wp-block-file__embed\" data=\"http:\/\/servicesports.ccqb.fr\/wp-content\/uploads\/2023\/03\/Convention-utilisation-equipement-sportif.pdf\" type=\"application\/pdf\" style=\"width:100%;height:200px\" aria-label=\"Contenu embarqu\u00e9 Convention utilisation e\u0301quipement sportif.\"><\/object><a id=\"wp-block-file--media-74c5ef11-12c5-46c6-859c-2b3099a398cf\" href=\"http:\/\/servicesports.ccqb.fr\/wp-content\/uploads\/2023\/03\/Convention-utilisation-equipement-sportif.pdf\" target=\"_blank\" rel=\"noreferrer noopener\">Convention utilisation e\u0301quipement sportif<\/a><a href=\"http:\/\/servicesports.ccqb.fr\/wp-content\/uploads\/2023\/03\/Convention-utilisation-equipement-sportif.pdf\" class=\"wp-block-file__button wp-element-button\" download aria-describedby=\"wp-block-file--media-74c5ef11-12c5-46c6-859c-2b3099a398cf\">T\u00e9l\u00e9charger<\/a><\/div>\n<\/div>\n\n\n\n<div class=\"wp-block-column is-layout-flow wp-block-column-is-layout-flow\">\n<div data-wp-interactive=\"core\/file\" class=\"wp-block-file\"><object data-wp-bind--hidden=\"!state.hasPdfPreview\" hidden class=\"wp-block-file__embed\" data=\"http:\/\/servicesports.ccqb.fr\/wp-content\/uploads\/2023\/03\/convention-gymnases-2020-2021.pdf\" type=\"application\/pdf\" style=\"width:100%;height:200px\" aria-label=\"Contenu embarqu\u00e9 Convention gymnases 2020 2021.\"><\/object><a id=\"wp-block-file--media-a06d5e33-d1e2-4fc5-b66f-43819153864b\" href=\"http:\/\/servicesports.ccqb.fr\/wp-content\/uploads\/2023\/03\/convention-gymnases-2020-2021.pdf\" target=\"_blank\" rel=\"noreferrer noopener\">Convention gymnases 2020 2021<\/a><a href=\"http:\/\/servicesports.ccqb.fr\/wp-content\/uploads\/2023\/03\/convention-gymnases-2020-2021.pdf\" class=\"wp-block-file__button wp-element-button\" download aria-describedby=\"wp-block-file--media-a06d5e33-d1e2-4fc5-b66f-43819153864b\">T\u00e9l\u00e9charger<\/a><\/div>\n<\/div>\n<\/div>\n\n\n\n<p><\/p>\n","protected":false},"excerpt":{"rendered":"<p>Pour toute utilisation des installations sportives, vous devez t\u00e9l\u00e9charger le document, le renseigner et l&rsquo;adresser au service des sports de la Mairie pour qu&rsquo;il soit sign\u00e9 par M. le Maire ou son repr\u00e9sentant<\/p>\n","protected":false},"author":1,"featured_media":0,"parent":0,"menu_order":0,"comment_status":"closed","ping_status":"closed","template":"","meta":{"_eb_attr":"","footnotes":""},"class_list":["post-491","page","type-page","status-publish","hentry"],"_links":{"self":[{"href":"https:\/\/servicesports.ccqb.fr\/index.php\/wp-json\/wp\/v2\/pages\/491","targetHints":{"allow":["GET"]}}],"collection":[{"href":"https:\/\/servicesports.ccqb.fr\/index.php\/wp-json\/wp\/v2\/pages"}],"about":[{"href":"https:\/\/servicesports.ccqb.fr\/index.php\/wp-json\/wp\/v2\/types\/page"}],"author":[{"embeddable":true,"href":"https:\/\/servicesports.ccqb.fr\/index.php\/wp-json\/wp\/v2\/users\/1"}],"replies":[{"embeddable":true,"href":"https:\/\/servicesports.ccqb.fr\/index.php\/wp-json\/wp\/v2\/comments?post=491"}],"version-history":[{"count":6,"href":"https:\/\/servicesports.ccqb.fr\/index.php\/wp-json\/wp\/v2\/pages\/491\/revisions"}],"predecessor-version":[{"id":2685,"href":"https:\/\/servicesports.ccqb.fr\/index.php\/wp-json\/wp\/v2\/pages\/491\/revisions\/2685"}],"wp:attachment":[{"href":"https:\/\/servicesports.ccqb.fr\/index.php\/wp-json\/wp\/v2\/media?parent=491"}],"curies":[{"name":"wp","href":"https:\/\/api.w.org\/{rel}","templated":true}]}}