{"id":3255,"date":"2026-02-11T09:13:08","date_gmt":"2026-02-11T08:13:08","guid":{"rendered":"https:\/\/servicesports.ccqb.fr\/?page_id=3255"},"modified":"2026-02-16T12:01:11","modified_gmt":"2026-02-16T11:01:11","slug":"reservation-minibus","status":"publish","type":"page","link":"https:\/\/servicesports.ccqb.fr\/index.php\/reservation-minibus\/","title":{"rendered":"R\u00e9servation Minibus"},"content":{"rendered":"\t\t<div data-elementor-type=\"wp-page\" data-elementor-id=\"3255\" class=\"elementor elementor-3255\">\n\t\t\t\t\t\t<section class=\"elementor-section elementor-top-section elementor-element elementor-element-0138f4a elementor-section-boxed elementor-section-height-default elementor-section-height-default\" data-id=\"0138f4a\" data-element_type=\"section\">\n\t\t\t\t\t\t<div class=\"elementor-container elementor-column-gap-default\">\n\t\t\t\t\t<div class=\"elementor-column elementor-col-100 elementor-top-column elementor-element elementor-element-3cd3227\" data-id=\"3cd3227\" data-element_type=\"column\">\n\t\t\t<div class=\"elementor-widget-wrap elementor-element-populated\">\n\t\t\t\t\t\t<div class=\"elementor-element elementor-element-f5f5d2b elementor-align-center elementor-widget elementor-widget-button\" data-id=\"f5f5d2b\" data-element_type=\"widget\" data-widget_type=\"button.default\">\n\t\t\t\t<div class=\"elementor-widget-container\">\n\t\t\t\t\t<div class=\"elementor-button-wrapper\">\n\t\t\t<a class=\"elementor-button elementor-button-link elementor-size-sm elementor-animation-grow\" href=\"https:\/\/docs.google.com\/forms\/d\/e\/1FAIpQLScgDQgeTJsDz8CdkBrqYInlWg_vvyrCJjlfn8t5Esd08qV0Rg\/viewform?usp=header\">\n\t\t\t\t\t\t<span class=\"elementor-button-content-wrapper\">\n\t\t\t\t\t\t\t\t\t<span class=\"elementor-button-text\">Formulaire de r\u00e9servation<\/span>\n\t\t\t\t\t<\/span>\n\t\t\t\t\t<\/a>\n\t\t<\/div>\n\t\t\t\t<\/div>\n\t\t\t\t<\/div>\n\t\t\t\t\t<\/div>\n\t\t<\/div>\n\t\t\t\t\t<\/div>\n\t\t<\/section>\n\t\t\t\t<section class=\"elementor-section elementor-top-section elementor-element elementor-element-d072437 elementor-section-boxed elementor-section-height-default elementor-section-height-default\" data-id=\"d072437\" data-element_type=\"section\">\n\t\t\t\t\t\t<div class=\"elementor-container elementor-column-gap-default\">\n\t\t\t\t\t<div class=\"elementor-column elementor-col-100 elementor-top-column elementor-element elementor-element-6341e99\" data-id=\"6341e99\" data-element_type=\"column\">\n\t\t\t<div class=\"elementor-widget-wrap elementor-element-populated\">\n\t\t\t\t\t\t<div class=\"elementor-element elementor-element-3963e1a elementor-widget elementor-widget-embedpress_calendar\" data-id=\"3963e1a\" data-element_type=\"widget\" data-widget_type=\"embedpress_calendar.default\">\n\t\t\t\t<div class=\"elementor-widget-container\">\n\t\t\t\t\t<div class=\"embedpress-calendar-embed ep-cal-d01abc885812733c76e44ae40cc8852b ose-calendar\" style=\"width: 1200px; height: 1000px; max-width:100%; display: inline-block\" data-embed-type=GoogleCalendar>\n\t\t\t\t\t\t<div class=\"embedpress-embed-calendar-calendar embedpress-calendar-3963e1a\" data-emid=\"embedpress-calendar-3963e1a\">\n\t\t\t\t\t\t\t\t\t\t<iframe title=\"\" style=\"width: 1200px; height: 1000px; max-width:100%; display: inline-block\" src=\"https:\/\/calendar.google.com\/calendar\/embed?src=fb250f236b18630c875a2975f91bd4027bd583d0967192525b29e761d0b05540%40group.calendar.google.com&#038;ctz=Europe%2FParis\" frameborder=\"0\"><\/iframe>\n\t\t\t\t\t\t\t\t<\/div>\n\t\t\t<p class=\"embedpress-el-powered\">Powered By EmbedPress<\/p>\t\t<\/div>\n\t\t\t\t<\/div>\n\t\t\t\t<\/div>\n\t\t\t\t\t<\/div>\n\t\t<\/div>\n\t\t\t\t\t<\/div>\n\t\t<\/section>\n\t\t\t\t<section class=\"elementor-section elementor-top-section elementor-element elementor-element-6966838 elementor-section-boxed elementor-section-height-default elementor-section-height-default\" data-id=\"6966838\" data-element_type=\"section\">\n\t\t\t\t\t\t<div class=\"elementor-container elementor-column-gap-default\">\n\t\t\t\t\t<div class=\"elementor-column elementor-col-100 elementor-top-column elementor-element elementor-element-a0226a6\" data-id=\"a0226a6\" data-element_type=\"column\">\n\t\t\t<div class=\"elementor-widget-wrap elementor-element-populated\">\n\t\t\t\t\t\t<div class=\"elementor-element elementor-element-d64bb07 elementor-widget elementor-widget-text-editor\" data-id=\"d64bb07\" data-element_type=\"widget\" data-widget_type=\"text-editor.default\">\n\t\t\t\t<div class=\"elementor-widget-container\">\n\t\t\t<style>\/*! elementor - v3.23.0 - 05-08-2024 *\/\n.elementor-widget-text-editor.elementor-drop-cap-view-stacked .elementor-drop-cap{background-color:#69727d;color:#fff}.elementor-widget-text-editor.elementor-drop-cap-view-framed .elementor-drop-cap{color:#69727d;border:3px solid;background-color:transparent}.elementor-widget-text-editor:not(.elementor-drop-cap-view-default) .elementor-drop-cap{margin-top:8px}.elementor-widget-text-editor:not(.elementor-drop-cap-view-default) .elementor-drop-cap-letter{width:1em;height:1em}.elementor-widget-text-editor .elementor-drop-cap{float:left;text-align:center;line-height:1;font-size:50px}.elementor-widget-text-editor .elementor-drop-cap-letter{display:inline-block}<\/style>\t\t\t\t<p>Cette utilisation engage \u00e0 :<\/p><ul><li>Prendre connaissance de l\u2019\u00e9tat du v\u00e9hicule et compl\u00e9ter le carnet de bord avant le d\u00e9part, et lors de la<\/li><\/ul><p>restitution du v\u00e9hicule<\/p><ul><li>Se conformer aux conditions g\u00e9n\u00e9rales d\u2019utilisation du v\u00e9hicule<\/li><li>Etre responsable en cas de non-respect du code de la route<\/li><li>Restituer le v\u00e9hicule propre, et avec son plein de gazole<\/li><li>Retirer les clefs au service des sports au plus tard la veille de l\u2019utilisation<\/li><\/ul><p>\u00a0<\/p><p>Conditions d\u2019utilisation :<\/p><ul><li>Convention (Mairie \u2013association utilisatrice)<\/li><li>Photocopie(s) permis de conduire d\u00e9pos\u00e9e(s) au service des sports<\/li><li>Caution de 500\u20ac \u00e0 l\u2019ordre du Tr\u00e9sor Public (correspondant au montant de la franchise) qui vous sera restitu\u00e9 si le v\u00e9hicule n\u2019a subi aucun dommage.<\/li><li>R\u00e8glement sur facture de 0,30 \u20ac du kilom\u00e8tre (participation aux frais d\u2019entretien du v\u00e9hicule) Tarif<\/li><\/ul>\t\t\t\t\t\t<\/div>\n\t\t\t\t<\/div>\n\t\t\t\t\t<\/div>\n\t\t<\/div>\n\t\t\t\t\t<\/div>\n\t\t<\/section>\n\t\t\t\t<\/div>\n\t\t","protected":false},"excerpt":{"rendered":"<p>Formulaire de r\u00e9servation Powered By EmbedPress Cette utilisation engage \u00e0 : Prendre connaissance de l\u2019\u00e9tat du v\u00e9hicule et compl\u00e9ter le carnet de bord avant le d\u00e9part, et lors de la restitution du v\u00e9hicule Se conformer aux conditions g\u00e9n\u00e9rales d\u2019utilisation du v\u00e9hicule Etre responsable en cas de non-respect du code de la route Restituer le v\u00e9hicule&hellip; <br \/> <a class=\"read-more\" href=\"https:\/\/servicesports.ccqb.fr\/index.php\/reservation-minibus\/\">Lire la suite<\/a><\/p>\n","protected":false},"author":1,"featured_media":0,"parent":0,"menu_order":0,"comment_status":"closed","ping_status":"closed","template":"","meta":{"_eb_attr":"","footnotes":""},"class_list":["post-3255","page","type-page","status-publish","hentry"],"_links":{"self":[{"href":"https:\/\/servicesports.ccqb.fr\/index.php\/wp-json\/wp\/v2\/pages\/3255","targetHints":{"allow":["GET"]}}],"collection":[{"href":"https:\/\/servicesports.ccqb.fr\/index.php\/wp-json\/wp\/v2\/pages"}],"about":[{"href":"https:\/\/servicesports.ccqb.fr\/index.php\/wp-json\/wp\/v2\/types\/page"}],"author":[{"embeddable":true,"href":"https:\/\/servicesports.ccqb.fr\/index.php\/wp-json\/wp\/v2\/users\/1"}],"replies":[{"embeddable":true,"href":"https:\/\/servicesports.ccqb.fr\/index.php\/wp-json\/wp\/v2\/comments?post=3255"}],"version-history":[{"count":16,"href":"https:\/\/servicesports.ccqb.fr\/index.php\/wp-json\/wp\/v2\/pages\/3255\/revisions"}],"predecessor-version":[{"id":3351,"href":"https:\/\/servicesports.ccqb.fr\/index.php\/wp-json\/wp\/v2\/pages\/3255\/revisions\/3351"}],"wp:attachment":[{"href":"https:\/\/servicesports.ccqb.fr\/index.php\/wp-json\/wp\/v2\/media?parent=3255"}],"curies":[{"name":"wp","href":"https:\/\/api.w.org\/{rel}","templated":true}]}}